ded by 91?
15
What is the remainder when 224643339 is divided by 294?
291
What is the remainder when 946967 is divided by 118284?
695
Calculate the remainder when 222190 is divided by 54.
34
Calculate the remainder when 49980 is divided by 24538.
904
What is the remainder when 90593 is divided by 44755?
1083
Calculate the remainder when 9943744 is divided by 1075.
1069
What is the remainder when 28209 is divided by 24426?
3783
Calculate the remainder when 54181862 is divided by 27090927.
8
Calculate the remainder when 8218704 is divided by 8218694.
10
Calculate the remainder when 659186 is divided by 4743.
4652
Calculate the remainder when 20113 is divided by 20050.
63
Calculate the remainder when 62050 is divided by 1232.
450
Calculate the remainder when 3845354 is divided by 202378.
172
Calculate the remainder when 31682 is divided by 14830.
2022
What is the remainder when 8795084 is divided by 889?
207
What is the remainder when 46407239 is divided by 124?
115
Calculate the remainder when 7538617 is divided by 220.
97
What is the remainder when 3162193 is divided by 1581087?
19
What is the remainder when 97898236 is divided by 19579645?
11
What is the remainder when 204297 is divided by 5081?
1057
Calculate the remainder when 20554723 is divided by 24.
19
Calculate the remainder when 288477 is divided by 3791.
361
Calculate the remainder when 2813784 is divided by 937918.
30
What is the remainder when 35732 is divided by 35200?
532
Calculate the remainder when 709798 is divided by 177339.
442
What is the remainder when 77284645 is divided by 19321157?
17
What is the remainder when 80033 is divided by 80023?
10
Calculate the remainder when 5560180 is divided by 1953.
1942
What is the remainder when 2180413 is divided by 8451?
55
Calculate the remainder when 672106 is divided by 141.
100
What is the remainder when 3182058 is divided by 5534?
8
What is the remainder when 231280 is divided by 231109?
171
Calculate the remainder when 74059 is divided by 14624.
939
What is the remainder when 3145735 is divided by 629142?
25
Calculate the remainder when 7617813 is divided by 53.
17
What is the remainder when 64627792 is divided by 3297?
3295
Calculate the remainder when 1591737 is divided by 570.
297
What is the remainder when 4332964 is divided by 997?
2
What is the remainder when 192245 is divided by 7120?
5
What is the remainder when 586040 is divided by 9019?
8824
Calculate the remainder when 104578 is divided by 52213.
152
What is the remainder when 180838 is divided by 840?
238
What is the remainder when 739570 is divided by 2353?
728
What is the remainder when 11843 is divided by 5564?
715
What is the remainder when 996583 is divided by 8978?
25
What is the remainder when 826654 is divided by 413307?
40
What is the remainder when 802511 is divided by 802409?
102
What is the remainder when 19263698 is divided by 3?
2
What is the remainder when 4911160 is divided by 355?
90
What is the remainder when 68138005 is divided by 34069001?
3
What is the remainder when 1110209 is divided by 149?
10
Calculate the remainder when 10133908 is divided by 10133826.
82
Calculate the remainder when 78183 is divided by 11770.
7563
What is the remainder when 125794 is divided by 20957?
52
What is the remainder when 531811 is divided by 1762?
1449
Calculate the remainder when 11715405 is divided by 983.
11
What is the remainder when 8934693 is divided by 458?
29
What is the remainder when 78925 is divided by 38523?
1879
What is the remainder when 24355791 is divided by 1800?
1791
What is the remainder when 3840891 is divided by 33?
21
What is the remainder when 12773 is divided by 1657?
1174
Calculate the remainder when 954233 is divided by 891.
863
What is the remainder when 35728 is divided by 16167?
3394
Calculate the remainder when 27586830 is divided by 16.
14
Calculate the remainder when 1667802 is divided by 345.
72
What is the remainder when 128957 is divided by 2088?
1589
What is the remainder when 27569916 is divided by 542?
2
What is the remainder when 757957 is divided by 16839?
202
What is the remainder when 2529 is divided by 698?
435
What is the remainder when 15167094 is divided by 56?
54
Calculate the remainder when 1390299 is divided by 16750.
49
Calculate the remainder when 92621403 is divided by 487481.
13
Calculate the remainder when 502622 is divided by 165257.
6851
What is the remainder when 7895557 is divided by 382?
381
Calculate the remainder when 12328086 is divided by 3.
0
Calculate the remainder when 694260 is divided by 147.
126
What is the remainder when 6179 is divided by 3087?
5
Calculate the remainder when 638159 is divided by 728.
431
Calculate the remainder when 54602421 is divided by 18200802.
15
What is the remainder when 295606 is divided by 147682?
242
What is the remainder when 2438790 is divided by 2366?
1810
What is the remainder when 1620375 is divided by 115685?
785
Calculate the remainder when 14580 is divided by 12797.
1783
Calculate the remainder when 1772236 is divided by 1023.
400
Calculate the remainder when 5348109 is divided by 5348065.
44
What is the remainder when 3212668 is divided by 1298?
118
Calculate the remainder when 1032171 is divided by 69.
0
Calculate the remainder when 388363 is divided by 6175.
5513
Calculate the remainder when 22667609 is divided by 11333796.
17
Calculate the remainder when 6715918 is divided by 191883.
13
Calculate the remainder when 7788 is divided by 5840.
1948
What is the remainder when 24950 is divided by 186?
26
Calculate the remainder when 1592082 is divided by 1540.
1262
What is the remainder when 15148 is divided by 14891?
257
Calculate the remainder when 2386797 is divided by 397781.
111
Calculate the remainder when 103850 is divided by 1818.
224
Calculate the remainder when 8120894 is divided by 1387.
9
What is the remainder when 98709 is divided by 98708?
1
What is the remainder when 413740 is divided by 1039?
218
What is the remainder when 9739525 is divided by 170868?
49
What is the remainder when 7790148 is divided by 420?
408
Calculate the remainder when 193142 is divided by 38623.
27
Calculate the remainder when 116175566 is divided by 490.
486
Calculate the remainder when 1135455 is divided by 1339.
1322
What is the remainder when 1985479 is divided by 1149?
7
Calculate the remainder when 132072 is divided by 132072.
0
Calculate the remainder when 37749 is divided by 231.
96
What is the remainder when 44337624 is divided by 544?
536
What is the remainder when 503088 is divided by 7502?
454
What is the remainder when 715685 is divided by 31094?
523
Calculate the remainder when 477655 is divided by 1083.
52
Calculate the remainder when 1423201933 is divided by 115.
113
What is the remainder when 269366 is divided by 89743?
137
What is the remainder when 5279712 is divided by 121?
119
Calculate the remainder when 23436 is divided by 2032.
1084
Calculate the remainder when 16121342 is divided by 87.
68
What is the remainder when 1079234 is divided by 5416?
1450
What is the remainder when 186668 is divided by 41?
36
What is the remainder when 23057 is divided by 7413?
818
What is the remainder when 110172 is divided by 21971?
317
Calculate the remainder when 9830 is divided by 1225.
30
Calculate the remainder when 2119158 is divided by 272.
6
What is the remainder when 806198 is divided by 49?
1
What is the remainder when 502479817 is divided by 167493269?
10
What is the remainder when 113609614 is divided by 1803327?
13
Calculate the remainder when 13307910 is divided by 109.
100
What is the remainder when 382278 is divided by 1605?
288
What is the remainder when 1040951 is divided by 525?
401
Calculate the remainder when 143995505 is divided by 63.
59
What is the remainder when 224917 is divided by 898?
417
Calculate the remainder when 4068779 is divided by 85.
84
What is the remainder when 538162 is divided by 2760?
2722
Calculate the remainder when 197764 is divided by 262.
216
Calculate the remainder when 36853 is divided by 17955.
943
Calculate the remainder when 364807 is divided by 5285.
142
Calculate the remainder when 41450576 is divided by 11.
2
Calculate the remainder when 21304413 is divided by 385.
53
What is the remainder when 132247 is divided 